[INFO] fetching crate lightpanel 0.1.0-prealpha+001...
[INFO] checking lightpanel-0.1.0-prealpha+001 against try#72f88fc4e9458f89516a0b8b0868f3718aec5b47 for pr-74989
[INFO] extracting crate lightpanel 0.1.0-prealpha+001 into /workspace/builds/worker-9/source
[INFO] validating manifest of crates.io crate lightpanel 0.1.0-prealpha+001 on toolchain 72f88fc4e9458f89516a0b8b0868f3718aec5b47
[INFO] running `Command { std: "/workspace/cargo-home/bin/cargo" "+72f88fc4e9458f89516a0b8b0868f3718aec5b47" "read-manifest" "--manifest-path" "Cargo.toml", kill_on_drop: false }`
[INFO] started tweaking crates.io crate lightpanel 0.1.0-prealpha+001
[INFO] finished tweaking crates.io crate lightpanel 0.1.0-prealpha+001
[INFO] tweaked toml for crates.io crate lightpanel 0.1.0-prealpha+001 written to /workspace/builds/worker-9/source/Cargo.toml
[INFO] running `Command { std: "/workspace/cargo-home/bin/cargo" "+72f88fc4e9458f89516a0b8b0868f3718aec5b47" "generate-lockfile" "--manifest-path" "Cargo.toml" "-Zno-index-update", kill_on_drop: false }`
[INFO] running `Command { std: "/workspace/cargo-home/bin/cargo" "+72f88fc4e9458f89516a0b8b0868f3718aec5b47" "fetch" "--locked" "--manifest-path" "Cargo.toml", kill_on_drop: false }`
[INFO] [stderr]  Downloading crates ...
[INFO] [stderr]   Downloaded runtime-fmt v0.3.0
[INFO] running `Command { std: "docker" "create" "-v" "/var/lib/crater-agent-workspace/builds/worker-9/target:/opt/rustwide/target:rw,Z" "-v" "/var/lib/crater-agent-workspace/builds/worker-9/source:/opt/rustwide/workdir:ro,Z" "-v" "/var/lib/crater-agent-workspace/cargo-home:/opt/rustwide/cargo-home:ro,Z" "-v" "/var/lib/crater-agent-workspace/rustup-home:/opt/rustwide/rustup-home:ro,Z" "-e" "SOURCE_DIR=/opt/rustwide/workdir" "-e" "CARGO_TARGET_DIR=/opt/rustwide/target" "-e" "CARGO_HOME=/opt/rustwide/cargo-home" "-e" "RUSTUP_HOME=/opt/rustwide/rustup-home" "-w" "/opt/rustwide/workdir" "-m" "1610612736" "--user" "0:0" "--network" "none" "rustops/crates-build-env@sha256:d92eaeed33fa75130ca1ee6c8a01d1ffb62bac859dfdfb3450e3e5d1c0146529" "/opt/rustwide/cargo-home/bin/cargo" "+72f88fc4e9458f89516a0b8b0868f3718aec5b47" "metadata" "--no-deps" "--format-version=1", kill_on_drop: false }`
[INFO] [stdout] dec4d12d39f21a18a42ae0a9d42fa997d5a76747fd0b71ea43fd3abc30d26371
[INFO] [stderr] WARNING: Your kernel does not support swap limit capabilities or the cgroup is not mounted. Memory limited without swap.
[INFO] running `Command { std: "docker" "start" "-a" "dec4d12d39f21a18a42ae0a9d42fa997d5a76747fd0b71ea43fd3abc30d26371", kill_on_drop: false }`
[INFO] running `Command { std: "docker" "inspect" "dec4d12d39f21a18a42ae0a9d42fa997d5a76747fd0b71ea43fd3abc30d26371", kill_on_drop: false }`
[INFO] running `Command { std: "docker" "rm" "-f" "dec4d12d39f21a18a42ae0a9d42fa997d5a76747fd0b71ea43fd3abc30d26371", kill_on_drop: false }`
[INFO] [stdout] dec4d12d39f21a18a42ae0a9d42fa997d5a76747fd0b71ea43fd3abc30d26371
[INFO] running `Command { std: "docker" "create" "-v" "/var/lib/crater-agent-workspace/builds/worker-9/target:/opt/rustwide/target:rw,Z" "-v" "/var/lib/crater-agent-workspace/builds/worker-9/source:/opt/rustwide/workdir:ro,Z" "-v" "/var/lib/crater-agent-workspace/cargo-home:/opt/rustwide/cargo-home:ro,Z" "-v" "/var/lib/crater-agent-workspace/rustup-home:/opt/rustwide/rustup-home:ro,Z" "-e" "SOURCE_DIR=/opt/rustwide/workdir" "-e" "CARGO_TARGET_DIR=/opt/rustwide/target" "-e" "CARGO_INCREMENTAL=0" "-e" "RUST_BACKTRACE=full" "-e" "RUSTFLAGS=--cap-lints=forbid" "-e" "CARGO_HOME=/opt/rustwide/cargo-home" "-e" "RUSTUP_HOME=/opt/rustwide/rustup-home" "-w" "/opt/rustwide/workdir" "-m" "1610612736" "--user" "0:0" "--network" "none" "rustops/crates-build-env@sha256:d92eaeed33fa75130ca1ee6c8a01d1ffb62bac859dfdfb3450e3e5d1c0146529" "/opt/rustwide/cargo-home/bin/cargo" "+72f88fc4e9458f89516a0b8b0868f3718aec5b47" "check" "--frozen" "--all" "--all-targets" "--message-format=json", kill_on_drop: false }`
[INFO] [stdout] 0da3fac25d020d1835ebffdf44a4430cfc85b1a9937a01daf38b0a39fbe33bea
[INFO] [stderr] WARNING: Your kernel does not support swap limit capabilities or the cgroup is not mounted. Memory limited without swap.
[INFO] running `Command { std: "docker" "start" "-a" "0da3fac25d020d1835ebffdf44a4430cfc85b1a9937a01daf38b0a39fbe33bea", kill_on_drop: false }`
[INFO] [stderr]    Compiling libc v0.2.77
[INFO] [stderr]    Compiling proc-macro2 v1.0.21
[INFO] [stderr]    Compiling serde_derive v1.0.116
[INFO] [stderr]    Compiling serde v1.0.116
[INFO] [stderr]    Compiling gdk v0.10.0
[INFO] [stderr]    Compiling gtk v0.6.0
[INFO] [stderr]    Compiling lightpanel v0.1.0-prealpha+001 (/opt/rustwide/workdir)
[INFO] [stderr]     Checking runtime-fmt v0.3.0
[INFO] [stderr]    Compiling glib-sys v0.8.0
[INFO] [stderr]    Compiling gobject-sys v0.8.0
[INFO] [stderr]    Compiling gio-sys v0.8.0
[INFO] [stderr]    Compiling gdk-pixbuf-sys v0.8.0
[INFO] [stderr]    Compiling cairo-sys-rs v0.8.0
[INFO] [stderr]    Compiling pango-sys v0.8.0
[INFO] [stderr]    Compiling gdk-sys v0.8.0
[INFO] [stderr]    Compiling atk-sys v0.8.0
[INFO] [stdout] error[E0433]: failed to resolve: could not find `Position` in `v1`
[INFO] [stdout]    --> /opt/rustwide/cargo-home/registry/src/github.com-1ecc6299db9ec823/runtime-fmt-0.3.0/src/lib.rs:522:39
[INFO] [stdout]     |
[INFO] [stdout] 522 |                         position: v1::Position::At(i),
[INFO] [stdout]     |                                       ^^^^^^^^ not found in `v1`
[INFO] [stdout]     |
[INFO] [stdout] help: consider importing this enum
[INFO] [stdout]     |
[INFO] [stdout] 38  | use fmt_macros::Position;
[INFO] [stdout]     |
[INFO] [stdout] 
[INFO] [stdout] 
[INFO] [stdout] error[E0433]: failed to resolve: could not find `Position` in `v1`
[INFO] [stdout]    --> /opt/rustwide/cargo-home/registry/src/github.com-1ecc6299db9ec823/runtime-fmt-0.3.0/src/lib.rs:544:39
[INFO] [stdout]     |
[INFO] [stdout] 544 |                         position: v1::Position::At(argument_pos),
[INFO] [stdout]     |                                       ^^^^^^^^ not found in `v1`
[INFO] [stdout]     |
[INFO] [stdout] help: consider importing this enum
[INFO] [stdout]     |
[INFO] [stdout] 38  | use fmt_macros::Position;
[INFO] [stdout]     |
[INFO] [stdout] 
[INFO] [stdout] 
[INFO] [stdout] error[E0495]: cannot infer an appropriate lifetime for autoref due to conflicting requirements
[INFO] [stdout]    --> /opt/rustwide/cargo-home/registry/src/github.com-1ecc6299db9ec823/runtime-fmt-0.3.0/src/lib.rs:195:33
[INFO] [stdout]     |
[INFO] [stdout] 195 |         let pieces = self.inner.pieces();
[INFO] [stdout]     |                                 ^^^^^^
[INFO] [stdout]     |
[INFO] [stdout] note: first, the lifetime cannot outlive the lifetime `'s` as defined on the impl at 175:6...
[INFO] [stdout]    --> /opt/rustwide/cargo-home/registry/src/github.com-1ecc6299db9ec823/runtime-fmt-0.3.0/src/lib.rs:175:6
[INFO] [stdout]     |
[INFO] [stdout] 175 | impl<'s, T: FormatArgs> PreparedFormat<'s, T> {
[INFO] [stdout]     |      ^^
[INFO] [stdout] note: ...so that the type `Parsed<'s, DelayedParse<T>>` is not borrowed for too long
[INFO] [stdout]    --> /opt/rustwide/cargo-home/registry/src/github.com-1ecc6299db9ec823/runtime-fmt-0.3.0/src/lib.rs:195:22
[INFO] [stdout]     |
[INFO] [stdout] 195 |         let pieces = self.inner.pieces();
[INFO] [stdout]     |                      ^^^^^^^^^^
[INFO] [stdout]     = note: but, the lifetime must be valid for the static lifetime...
[INFO] [stdout] note: ...so that the expression is assignable
[INFO] [stdout]    --> /opt/rustwide/cargo-home/registry/src/github.com-1ecc6299db9ec823/runtime-fmt-0.3.0/src/lib.rs:201:58
[INFO] [stdout]     |
[INFO] [stdout] 201 |             Some(ref fmt) => Arguments::new_v1_formatted(&pieces, &args, fmt),
[INFO] [stdout]     |                                                          ^^^^^^^
[INFO] [stdout]     = note: expected `&[&'static str]`
[INFO] [stdout]                found `&[&str]`
[INFO] [stdout] 
[INFO] [stdout] 
[INFO] [stdout] error[E0495]: cannot infer an appropriate lifetime for autoref due to conflicting requirements
[INFO] [stdout]    --> /opt/rustwide/cargo-home/registry/src/github.com-1ecc6299db9ec823/runtime-fmt-0.3.0/src/lib.rs:266:33
[INFO] [stdout]     |
[INFO] [stdout] 266 |         let pieces = self.inner.pieces();
[INFO] [stdout]     |                                 ^^^^^^
[INFO] [stdout]     |
[INFO] [stdout] note: first, the lifetime cannot outlive the lifetime `'s` as defined on the impl at 246:6...
[INFO] [stdout]    --> /opt/rustwide/cargo-home/registry/src/github.com-1ecc6299db9ec823/runtime-fmt-0.3.0/src/lib.rs:246:6
[INFO] [stdout]     |
[INFO] [stdout] 246 | impl<'s> FormatBuf<'s> {
[INFO] [stdout]     |      ^^
[INFO] [stdout] note: ...so that the type `Parsed<'s, ImmediateParse<'s>>` is not borrowed for too long
[INFO] [stdout]    --> /opt/rustwide/cargo-home/registry/src/github.com-1ecc6299db9ec823/runtime-fmt-0.3.0/src/lib.rs:266:22
[INFO] [stdout]     |
[INFO] [stdout] 266 |         let pieces = self.inner.pieces();
[INFO] [stdout]     |                      ^^^^^^^^^^
[INFO] [stdout]     = note: but, the lifetime must be valid for the static lifetime...
[INFO] [stdout] note: ...so that the expression is assignable
[INFO] [stdout]    --> /opt/rustwide/cargo-home/registry/src/github.com-1ecc6299db9ec823/runtime-fmt-0.3.0/src/lib.rs:268:58
[INFO] [stdout]     |
[INFO] [stdout] 268 |             Some(ref fmt) => Arguments::new_v1_formatted(&pieces, &self.inner.args, fmt),
[INFO] [stdout]     |                                                          ^^^^^^^
[INFO] [stdout]     = note: expected `&[&'static str]`
[INFO] [stdout]                found `&[&str]`
[INFO] [stdout] 
[INFO] [stdout] 
[INFO] [stderr]    Compiling gtk-sys v0.8.0
[INFO] [stdout] error[E0599]: no method named `is_xid_start` found for type `char` in the current scope
[INFO] [stdout]    --> /opt/rustwide/cargo-home/registry/src/github.com-1ecc6299db9ec823/runtime-fmt-0.3.0/src/fmt_macros.rs:422:34
[INFO] [stdout]     |
[INFO] [stdout] 422 |             Some(&(pos, c)) if c.is_xid_start() => {
[INFO] [stdout]     |                                  ^^^^^^^^^^^^ method not found in `char`
[INFO] [stdout] 
[INFO] [stdout] 
[INFO] [stdout] error[E0599]: no method named `is_xid_continue` found for type `char` in the current scope
[INFO] [stdout]    --> /opt/rustwide/cargo-home/registry/src/github.com-1ecc6299db9ec823/runtime-fmt-0.3.0/src/fmt_macros.rs:431:18
[INFO] [stdout]     |
[INFO] [stdout] 431 |             if c.is_xid_continue() {
[INFO] [stdout]     |                  ^^^^^^^^^^^^^^^ method not found in `char`
[INFO] [stdout] 
[INFO] [stdout] 
[INFO] [stdout] error: aborting due to 6 previous errors
[INFO] [stdout] 
[INFO] [stdout] 
[INFO] [stdout] Some errors have detailed explanations: E0433, E0495, E0599.
[INFO] [stdout] 
[INFO] [stdout] For more information about an error, try `rustc --explain E0433`.
[INFO] [stdout] 
[INFO] [stderr] error: could not compile `runtime-fmt`.
[INFO] [stderr] 
[INFO] [stderr] To learn more, run the command again with --verbose.
[INFO] [stderr] warning: build failed, waiting for other jobs to finish...
[INFO] [stderr] error: build failed
[INFO] running `Command { std: "docker" "inspect" "0da3fac25d020d1835ebffdf44a4430cfc85b1a9937a01daf38b0a39fbe33bea", kill_on_drop: false }`
[INFO] running `Command { std: "docker" "rm" "-f" "0da3fac25d020d1835ebffdf44a4430cfc85b1a9937a01daf38b0a39fbe33bea", kill_on_drop: false }`
[INFO] [stdout] 0da3fac25d020d1835ebffdf44a4430cfc85b1a9937a01daf38b0a39fbe33bea
